[INFO] cloning repository https://github.com/Czorio/rs_path_tracer
[INFO] running `Command { std: "git" "-c" "credential.helper=" "-c" "credential.helper=/workspace/cargo-home/bin/git-credential-null" "clone" "--bare" "https://github.com/Czorio/rs_path_tracer" "/workspace/cache/git-repos/https%3A%2F%2Fgithub.com%2FCzorio%2Frs_path_tracer", kill_on_drop: false }`
[INFO] [stderr] Cloning into bare repository '/workspace/cache/git-repos/https%3A%2F%2Fgithub.com%2FCzorio%2Frs_path_tracer'...
[INFO] running `Command { std: "git" "rev-parse" "HEAD", kill_on_drop: false }`
[INFO] [stdout] 46a7b34dd6c11133a2d719373c5e5cdb4f77ccc7
[INFO] checking Czorio/rs_path_tracer against master#e6e4f7ed1589e03bc2f6c5931c1a72e7947e8682 for beta-170-4
[INFO] running `Command { std: "git" "clone" "/workspace/cache/git-repos/https%3A%2F%2Fgithub.com%2FCzorio%2Frs_path_tracer" "/workspace/builds/worker-5-tc2/source", kill_on_drop: false }`
[INFO] [stderr] Cloning into '/workspace/builds/worker-5-tc2/source'...
[INFO] [stderr] done.
[INFO] validating manifest of git repo https://github.com/Czorio/rs_path_tracer on toolchain e6e4f7ed1589e03bc2f6c5931c1a72e7947e8682
[INFO] running `Command { std: CARGO_HOME="/workspace/cargo-home" RUSTUP_HOME="/workspace/rustup-home" "/workspace/cargo-home/bin/cargo" "+e6e4f7ed1589e03bc2f6c5931c1a72e7947e8682" "metadata" "--manifest-path" "Cargo.toml" "--no-deps", kill_on_drop: false }`
[INFO] started tweaking git repo https://github.com/Czorio/rs_path_tracer
[INFO] finished tweaking git repo https://github.com/Czorio/rs_path_tracer
[INFO] tweaked toml for git repo https://github.com/Czorio/rs_path_tracer written to /workspace/builds/worker-5-tc2/source/Cargo.toml
[INFO] crate git repo https://github.com/Czorio/rs_path_tracer already has a lockfile, it will not be regenerated
[INFO] running `Command { std: CARGO_HOME="/workspace/cargo-home" RUSTUP_HOME="/workspace/rustup-home" "/workspace/cargo-home/bin/cargo" "+e6e4f7ed1589e03bc2f6c5931c1a72e7947e8682" "fetch" "--manifest-path" "Cargo.toml", kill_on_drop: false }`
[INFO] running `Command { std: "docker" "create" "-v" "/var/lib/crater-agent-workspace/builds/worker-5-tc2/target:/opt/rustwide/target:rw,Z" "-v" "/var/lib/crater-agent-workspace/builds/worker-5-tc2/source:/opt/rustwide/workdir:ro,Z" "-v" "/var/lib/crater-agent-workspace/cargo-home:/opt/rustwide/cargo-home:ro,Z" "-v" "/var/lib/crater-agent-workspace/rustup-home:/opt/rustwide/rustup-home:ro,Z" "-e" "SOURCE_DIR=/opt/rustwide/workdir" "-e" "CARGO_TARGET_DIR=/opt/rustwide/target" "-e" "CARGO_HOME=/opt/rustwide/cargo-home" "-e" "RUSTUP_HOME=/opt/rustwide/rustup-home" "-w" "/opt/rustwide/workdir" "-m" "1610612736" "--user" "0:0" "--network" "none" "ghcr.io/rust-lang/crates-build-env/linux@sha256:19e73879b68f455e41552ea35293514db52ea292d993f571636dbffedb77a1ee" "/opt/rustwide/cargo-home/bin/cargo" "+e6e4f7ed1589e03bc2f6c5931c1a72e7947e8682" "metadata" "--no-deps" "--format-version=1", kill_on_drop: false }`
[INFO] [stdout] 8dbeb11b088f1dbb6151944df98411106b92aa7cc34320d4be1743b1334666e9
[INFO] running `Command { std: "docker" "start" "-a" "8dbeb11b088f1dbb6151944df98411106b92aa7cc34320d4be1743b1334666e9", kill_on_drop: false }`
[INFO] running `Command { std: "docker" "inspect" "8dbeb11b088f1dbb6151944df98411106b92aa7cc34320d4be1743b1334666e9", kill_on_drop: false }`
[INFO] running `Command { std: "docker" "rm" "-f" "8dbeb11b088f1dbb6151944df98411106b92aa7cc34320d4be1743b1334666e9", kill_on_drop: false }`
[INFO] [stdout] 8dbeb11b088f1dbb6151944df98411106b92aa7cc34320d4be1743b1334666e9
[INFO] running `Command { std: "docker" "create" "-v" "/var/lib/crater-agent-workspace/builds/worker-5-tc2/target:/opt/rustwide/target:rw,Z" "-v" "/var/lib/crater-agent-workspace/builds/worker-5-tc2/source:/opt/rustwide/workdir:ro,Z" "-v" "/var/lib/crater-agent-workspace/cargo-home:/opt/rustwide/cargo-home:ro,Z" "-v" "/var/lib/crater-agent-workspace/rustup-home:/opt/rustwide/rustup-home:ro,Z" "-e" "SOURCE_DIR=/opt/rustwide/workdir" "-e" "CARGO_TARGET_DIR=/opt/rustwide/target" "-e" "CARGO_INCREMENTAL=0" "-e" "RUST_BACKTRACE=full" "-e" "RUSTFLAGS=--cap-lints=forbid" "-e" "RUSTDOCFLAGS=--cap-lints=forbid" "-e" "CARGO_HOME=/opt/rustwide/cargo-home" "-e" "RUSTUP_HOME=/opt/rustwide/rustup-home" "-w" "/opt/rustwide/workdir" "-m" "1610612736" "--user" "0:0" "--network" "none" "ghcr.io/rust-lang/crates-build-env/linux@sha256:19e73879b68f455e41552ea35293514db52ea292d993f571636dbffedb77a1ee" "/opt/rustwide/cargo-home/bin/cargo" "+e6e4f7ed1589e03bc2f6c5931c1a72e7947e8682" "check" "--frozen" "--all" "--all-targets" "--message-format=json", kill_on_drop: false }`
[INFO] [stdout] 2733415b68962dcbe9344c2d7ddd50b14efc928abfa0319ab3e5895192d7ebf2
[INFO] running `Command { std: "docker" "start" "-a" "2733415b68962dcbe9344c2d7ddd50b14efc928abfa0319ab3e5895192d7ebf2", kill_on_drop: false }`
[INFO] [stderr]     Checking rs_path_tracer v0.1.0 (/opt/rustwide/workdir)
[INFO] [stdout] warning: unused import: `std::ops`
[INFO] [stdout]  --> src/rendering/ray.rs:2:5
[INFO] [stdout]   |
[INFO] [stdout] 2 | use std::ops;
[INFO] [stdout]   |     ^^^^^^^^
[INFO] [stdout]   |
[INFO] [stdout]   = note: `#[warn(unused_imports)]` on by default
[INFO] [stdout] 
[INFO] [stdout] 
[INFO] [stdout] warning: unused import: `std::ops`
[INFO] [stdout]  --> src/rendering/ray.rs:2:5
[INFO] [stdout]   |
[INFO] [stdout] 2 | use std::ops;
[INFO] [stdout]   |     ^^^^^^^^
[INFO] [stdout]   |
[INFO] [stdout]   = note: `#[warn(unused_imports)]` on by default
[INFO] [stdout] 
[INFO] [stdout] 
[INFO] [stdout] error[E0382]: use of moved value: `self`
[INFO] [stdout]   --> src/math/vec.rs:37:9
[INFO] [stdout]    |
[INFO] [stdout] 35 |     fn norm(self) -> Self {
[INFO] [stdout]    |             ---- move occurs because `self` has type `Vec3`, which does not implement the `Copy` trait
[INFO] [stdout] 36 |         let length = self.length();
[INFO] [stdout]    |                           -------- `self` moved due to this method call
[INFO] [stdout] 37 |         self / length
[INFO] [stdout]    |         ^^^^ value used here after move
[INFO] [stdout]    |
[INFO] [stdout] note: `Vec3::length` takes ownership of the receiver `self`, which moves `self`
[INFO] [stdout]   --> src/math/vec.rs:27:15
[INFO] [stdout]    |
[INFO] [stdout] 27 |     fn length(self) -> f64 {
[INFO] [stdout]    |               ^^^^
[INFO] [stdout] 
[INFO] [stdout] 
[INFO] [stdout] error[E0382]: use of moved value: `self`
[INFO] [stdout]   --> src/math/vec.rs:37:9
[INFO] [stdout]    |
[INFO] [stdout] 35 |     fn norm(self) -> Self {
[INFO] [stdout]    |             ---- move occurs because `self` has type `Vec3`, which does not implement the `Copy` trait
[INFO] [stdout] 36 |         let length = self.length();
[INFO] [stdout]    |                           -------- `self` moved due to this method call
[INFO] [stdout] 37 |         self / length
[INFO] [stdout]    |         ^^^^ value used here after move
[INFO] [stdout]    |
[INFO] [stdout] note: `Vec3::length` takes ownership of the receiver `self`, which moves `self`
[INFO] [stdout]   --> src/math/vec.rs:27:15
[INFO] [stdout]    |
[INFO] [stdout] 27 |     fn length(self) -> f64 {
[INFO] [stdout]    |               ^^^^
[INFO] [stdout] 
[INFO] [stdout] 
[INFO] [stdout] error[E0382]: use of moved value: `self`
[INFO] [stdout]    --> src/math/vec.rs:139:16
[INFO] [stdout]     |
[INFO] [stdout] 135 |     fn norm(self) -> Self {
[INFO] [stdout]     |             ---- move occurs because `self` has type `Vec2`, which does not implement the `Copy` trait
[INFO] [stdout] 136 |         let length = self.length();
[INFO] [stdout]     |                           -------- `self` moved due to this method call
[INFO] [stdout] ...
[INFO] [stdout] 139 |             v: self.v / length
[INFO] [stdout]     |                ^^^^^^ value used here after move
[INFO] [stdout] 
[INFO] [stdout] 
[INFO] [stdout] error[E0382]: use of moved value: `self`
[INFO] [stdout]    --> src/math/vec.rs:139:16
[INFO] [stdout]     |
[INFO] [stdout] 135 |     fn norm(self) -> Self {
[INFO] [stdout]     |             ---- move occurs because `self` has type `Vec2`, which does not implement the `Copy` trait
[INFO] [stdout] 136 |         let length = self.length();
[INFO] [stdout]     |                           -------- `self` moved due to this method call
[INFO] [stdout] ...
[INFO] [stdout] 139 |             v: self.v / length
[INFO] [stdout]     |                ^^^^^^ value used here after move
[INFO] [stdout] 
[INFO] [stdout] 
[INFO] [stdout] warning: unused variable: `r`
[INFO] [stdout]   --> src/rendering/geometry/primitives.rs:11:18
[INFO] [stdout]    |
[INFO] [stdout] 11 |     fn intersect(r: Ray) -> HitRecord {
[INFO] [stdout]    |                  ^ help: if this is intentional, prefix it with an underscore: `_r`
[INFO] [stdout]    |
[INFO] [stdout]    = note: `#[warn(unused_variables)]` on by default
[INFO] [stdout] 
[INFO] [stdout] 
[INFO] [stdout] warning: unused variable: `r`
[INFO] [stdout]   --> src/rendering/geometry/primitives.rs:11:18
[INFO] [stdout]    |
[INFO] [stdout] 11 |     fn intersect(r: Ray) -> HitRecord {
[INFO] [stdout]    |                  ^ help: if this is intentional, prefix it with an underscore: `_r`
[INFO] [stdout]    |
[INFO] [stdout]    = note: `#[warn(unused_variables)]` on by default
[INFO] [stdout] 
[INFO] [stdout] 
[INFO] [stdout] warning: unused variable: `r`
[INFO] [stdout]   --> src/rendering/geometry/primitives.rs:25:18
[INFO] [stdout]    |
[INFO] [stdout] 25 |     fn intersect(r: Ray) -> HitRecord {
[INFO] [stdout]    |                  ^ help: if this is intentional, prefix it with an underscore: `_r`
[INFO] [stdout] 
[INFO] [stdout] 
[INFO] [stdout] warning: unused variable: `r`
[INFO] [stdout]   --> src/rendering/geometry/primitives.rs:25:18
[INFO] [stdout]    |
[INFO] [stdout] 25 |     fn intersect(r: Ray) -> HitRecord {
[INFO] [stdout]    |                  ^ help: if this is intentional, prefix it with an underscore: `_r`
[INFO] [stdout] 
[INFO] [stdout] 
[INFO] [stdout] error: aborting due to 2 previous errors; 3 warnings emitted
[INFO] [stdout] 
[INFO] [stdout] 
[INFO] [stdout] error: aborting due to 2 previous errors; 3 warnings emitted
[INFO] [stdout] 
[INFO] [stdout] 
[INFO] [stdout] For more information about this error, try `rustc --explain E0382`.
[INFO] [stdout] 
[INFO] [stdout] For more information about this error, try `rustc --explain E0382`.
[INFO] [stdout] 
[INFO] [stderr] error: could not compile `rs_path_tracer` (bin "rs_path_tracer" test) due to 3 previous errors; 3 warnings emitted
[INFO] [stderr] warning: build failed, waiting for other jobs to finish...
[INFO] [stderr] error: could not compile `rs_path_tracer` (bin "rs_path_tracer") due to 3 previous errors; 3 warnings emitted
[INFO] running `Command { std: "docker" "inspect" "2733415b68962dcbe9344c2d7ddd50b14efc928abfa0319ab3e5895192d7ebf2", kill_on_drop: false }`
[INFO] running `Command { std: "docker" "rm" "-f" "2733415b68962dcbe9344c2d7ddd50b14efc928abfa0319ab3e5895192d7ebf2", kill_on_drop: false }`
[INFO] [stdout] 2733415b68962dcbe9344c2d7ddd50b14efc928abfa0319ab3e5895192d7ebf2
